ue
Is 7289 a composite number?
True
Is 58831 a composite number?
False
Is 262567 prime?
True
Is 19385 composite?
True
Is 382805 prime?
False
Is 291329 composite?
True
Is 255641 a composite number?
False
Is 25567 composite?
True
Is 19547 a composite number?
True
Is 180899 a prime number?
False
Is 345413 composite?
False
Is 239287 composite?
False
Is 1001911 a composite number?
False
Is 24749 a composite number?
False
Is 191 composite?
False
Is 68389 a composite number?
False
Is 37166 composite?
True
Is 5513 prime?
False
Is 449741 a composite number?
False
Is 551 prime?
False
Is 4282 a prime number?
False
Is 349849 a composite number?
False
Is 87727 a composite number?
True
Is 45007 prime?
True
Is 3239 composite?
True
Is 153247 a prime number?
True
Is 967 a composite number?
False
Is 10102 a prime number?
False
Is 230591 prime?
False
Is 15781 a composite number?
True
Is 280409 prime?
True
Is 580883 a prime number?
False
Is 1050559 a composite number?
True
Is 1271791 a composite number?
False
Is 1286 a composite number?
True
Is 3707 composite?
True
Is 38666 prime?
False
Is 413243 composite?
False
Is 69766 a composite number?
True
Is 1257 prime?
False
Is 22353 prime?
False
Is 424877 a composite number?
True
Is 633067 composite?
False
Is 117803 a prime number?
False
Is 355171 prime?
True
Is 56681 composite?
False
Is 8353 composite?
False
Is 98491 composite?
False
Is 110857 a composite number?
True
Is 839 composite?
False
Is 96259 composite?
False
Is 2069 composite?
False
Is 123679 a prime number?
False
Is 9914 prime?
False
Is 16837 composite?
True
Is 757 a composite number?
False
Is 795734 a prime number?
False
Is 8026 composite?
True
Is 14243 a composite number?
False
Is 114997 a composite number?
False
Is 3989 composite?
False
Is 120093 a composite number?
True
Is 335833 composite?
False
Is 7783 a composite number?
True
Is 415 a prime number?
False
Is 100189 composite?
False
Is 15947 a composite number?
True
Is 89561 a prime number?
True
Is 4643 a composite number?
False
Is 564157 prime?
False
Is 18217 a prime number?
True
Is 4487 prime?
False
Is 12829 prime?
True
Is 2321 a composite number?
True
Is 2333 a prime number?
True
Is 415993 a prime number?
True
Is 67451 composite?
True
Is 72107 a composite number?
True
Is 379033 composite?
False
Is 2147 prime?
False
Is 1397 composite?
True
Is 79694 prime?
False
Is 28687 composite?
False
Is 1777 composite?
False
Is 586907 a composite number?
True
Is 10259 a prime number?
True
Is 2203559 prime?
True
Is 7121 a composite number?
False
Is 178 a composite number?
True
Is 9961 composite?
True
Is 32203 a prime number?
True
Is 50639 a composite number?
True
Is 31873 a composite number?
False
Is 37397 composite?
False
Is 198613 a composite number?
False
Is 6313 a prime number?
False
Is 1973 a prime number?
True
Is 29485 a prime number?
False
Is 73819 composite?
False
Is 7451 composite?
False
Is 14431 a prime number?
True
Is 6163 composite?
False
Is 31091 a prime number?
True
Is 216817 a prime number?
False
Is 9767 prime?
True
Is 31583 composite?
False
Is 11369 prime?
True
Is 22411 prime?
False
Is 45943 prime?
True
Is 395171 prime?
False
Is 242569 composite?
True
Is 338302 a composite number?
True
Is 162139 prime?
False
Is 109955 composite?
True
Is 3991 a composite number?
True
Is 23497 composite?
False
Is 492077 prime?
True
Is 73181 composite?
False
Is 24859 a prime number?
True
Is 327163 prime?
True
Is 40451 a prime number?
False
Is 11467 prime?
True
Is 111317 a prime number?
True
Is 5479 a composite number?
False
Is 3863 a composite number?
False
Is 228887 prime?
True
Is 96593 a prime number?
False
Is 2647 composite?
False
Is 7901 a composite number?
False
Is 4195 a composite number?
True
Is 10393 composite?
True
Is 56179 a prime number?
True
Is 583 prime?
False
Is 2393 a prime number?
True
Is 36587 a composite number?
False
Is 13289 prime?
False
Is 113531 prime?
False
Is 32365 composite?
True
Is 25999 a composite number?
False
Is 955945 a composite number?
True
Is 19531 a composite number?
False
Is 1070753 prime?
True
Is 5638705 a prime number?
False
Is 23159 a prime number?
True
Is 2400019 prime?
True
Is 26067 prime?
False
Is 2100515 prime?
False
Is 570991 prime?
True
Is 10473 a prime number?
False
Is 110213 composite?
True
Is 7361 a composite number?
True
Is 287 composite?
True
Is 967 prime?
True
Is 55801 a composite number?
True
Is 1346 a composite number?
True
Is 67883 composite?
False
Is 7379 prime?
False
Is 33247 a composite number?
False
Is 331402 a composite number?
True
Is 261178 composite?
True
Is 105437 a composite number?
False
Is 54651 prime?
False
Is 3377 prime?
False
Is 159539 a composite number?
False
Is 11197 prime?
True
Is 59749 composite?
True
Is 7993 a composite number?
False
Is 239735 a composite number?
True
Is 76283 a prime number?
True
Is 7573 composite?
False
Is 1299539 a composite number?
True
Is 40343 prime?
True
Is 3977 a prime number?
False
Is 92459 a composite number?
False
Is 299603 composite?
False
Is 349981 composite?
False
Is 345353 composite?
True
Is 16273 a prime number?
True
Is 35669 composite?
True
Is 1979 composite?
False
Is 16009 prime?
False
Is 4637 prime?
True
Is 20399 a composite number?
False
Is 339799 composite?
False
Is 50917 a composite number?
True
Is 287177 composite?
True
Is 4181 a composite number?
True
Is 2671 composite?
False
Is 683841 a prime number?
False
Is 7669 a prime number?
True
Is 11389 prime?
False
Is 23189 a composite number?
False
Is 9007 a prime number?
True
Is 1096103 prime?
False
Is 3233 composite?
True
Is 11359 a prime number?
False
Is 77141 a prime number?
True
Is 172331 composite?
False
Is 20861 a composite number?
True
Is 111427 composite?
False
Is 848227 a composite number?
False
Is 1041501 prime?
False
Is 238877 composite?
False
Is 130919 prime?
False
Is 64523 a prime number?
False
Is 3912277 prime?
False
Is 51109 prime?
True
Is 103459 prime?
False
Is 112721 composite?
True
Is 2605 composite?
True
Is 148273 composite?
True
Is 40063 prime?
True
Is 2191 a composite number?
True
Is 2843 a prime number?
True
Is 9131 a prime number?
False
Is 63413 composite?
True
Is 15859 composite?
False
Is 66743 a composite number?
True
Is 122219 a composite number?
False
Is 129251 prime?
False
Is 23935 composite?
True
Is 72307 a composite number?
False
Is 416074 prime?
False
Is 221021 prime?
True
Is 779413 prime?
True
Is 51683 composite?
False
Is 177109 a composite number?
False
Is 89603 prime?
True
Is 19445 a composite number?
True
Is 187337 prime?
True
Is 94249 a prime number?
False
Is 547 prime?
True
Is 114059 prime?
False
Is 40069 composite?
True
Is 150287 composite?
False
Is 58747 a composite number?
True
Is 1474709 prime?
False
Is 782449 a prime number?
False
Is 28277 composite?
False
Is 12053 prime?
False
Is 14939 prime?
True
Is 724481 a prime number?
True
Is 283873 composite?
False
Is 175673 composite?
False
Is 53213 prime?
False
Is 14953 prime?
False
Is 7789 prime?
True
Is 516281 prime?
False
Is 29527 a composite number?
False
Is 199285 a composite number?
True
Is 253279 composite?
True
Is 2779 composite?
True
Is 1031501 a composite number?
True
Is 70051 prime?
True
Is 479 a composite number?
False
Is 4479 prime?
False
Is 4847 prime?
False
Is 473 composite?
True
Is 1470523 composite?
False
Is 7367 prime?
False
Is 116993 a prime number?
True
Is 322501 prime?
True
Is 573241 a composite number?
True
Is 11821 a prime number?
True
Is 1449683 a prime number?
True
Is 9637 prime?
False
Is 28606 prime?
False
Is 358181 a composite number?
False
Is 22739 a prime number?
True
Is 7969 a composite number?
True
Is 42203 a composite number?
True
Is 62993 a composite number?
True
Is 117389 prime?
True
Is 32467 prime?
True
Is 6179 a prime number?
False
Is 109909 prime?
False
Is 3793 a prime number?
True
Is 99313 prime?
False
Is 4429 prime?
False
Is 11089 a composite number?
True
Is 337 prime?
True
Is 49087 composite?
True
Is 133063 a prime number?
False
Is 1298387 a composite number?
False
Is 9091 a prime number?
True
Is 240169 composite?
False
Is 2003 a composite number?
False
Is 6401 prime?
False
Is 118097 composite?
True
Is 4769 a prime number?
False
Is 2598283 composite?
False
Is 447311 a prime number?
True
Is 3877 a prime number?
True
Is 47317 a composite